y is divided by 164?
144
Let z be -2 - (-8 - (1 + -5)). Suppose -2*f - 4*q + z*q = -294, -146 = -f - 2*q. Calculate the remainder when f is divided by 38.
34
Suppose 0 = 195*v - 193*v - 12. Suppose -3*z + k + 195 = 0, 3*z - v*z + 195 = 2*k. What is the remainder when 259 is divided by z?
64
Suppose 187 = 2*u - 5*f, 26*u - 30*u - f + 319 = 0. Let h = 50 + -27. Calculate the remainder when (u/18 + -6)/((-3)/226) is divided by h.
21
Let c = 3301 + -3119. What is the remainder when c is divided by 68?
46
Suppose -9*d = -8*d + 16*d - 93279. What is the remainder when d is divided by 122?
119
Let g(a) be the second derivative of 41*a**4/4 + 5*a**3/6 - 9*a**2/2 - 55*a. Calculate the remainder when g(2) is divided by 62.
59
Let i be (-16 + (-116)/(-8))*-2*1. Suppose -2*l + i*o + 31 = 0, -4*l + 16*o = 15*o - 37. Calculate the remainder when 31 is divided by l.
7
Let i(z) = -895*z - 1861. Calculate the remainder when i(-4) is divided by 115.
109
Let f(j) = -j**2 - 24*j - 47. Let n be f(-22). What is the remainder when 228 is divided by 4 - (-15)/n - -30?
25
Calculate the remainder when 355 is divided by (-5 - (-85)/20)/(15/(-600)).
25
Suppose 0 = 5*x + 2*v + 1165, -v - 971 + 273 = 3*x. Let f = -1434 - -1450. Calculate the remainder when x/(-6) - 3/(-6) is divided by f.
7
Suppose 5*a - 2*o - 156 = 0, o = -85*a + 84*a + 41. Calculate the remainder when 1550 is divided by a.
20
Let c(j) = 7*j**3 - 5*j**2 + 5*j - 10. Let d be c(2). What is the remainder when 131 is divided by (4 - 7)/3 + 2 + d?
20
Suppose 11 + 4 = -3*l. Let t(k) = -3*k - 3 - 8 + 0*k + 1 + 2*k**2 - 11. What is the remainder when t(l) is divided by 9?
8
Suppose 39*x - 44*x = 4*b - 428, 0 = -4*x + 3*b + 361. What is the remainder when 12844 is divided by x?
84
Let s = 65 + -28. Suppose s*b = 36*b + 12. Suppose 0 = -2*p - 5*d + 32, 0 = 3*d - b. Calculate the remainder when p is divided by 3.
0
Let z be (-26)/3*8/(16/(-21)). Suppose 32*r - 31*r - z = 0. What is the remainder when r is divided by 34?
23
Suppose -5*q + 5*i = -0*i - 15, 0 = -3*q + 4*i + 13. What is the remainder when (1 + q/(-1))*6 is divided by (-37)/(-74) - (3 - (-34)/(-4))?
0
Suppose 6*m - m = -5*s + 1230, -1009 = -4*s + m. What is the remainder when 255 is divided by s?
4
Suppose -10*p + 3*n = -14*p - 44, -60 = 5*p + 5*n. Calculate the remainder when 11 is divided by (24/(-9))/(p/24).
3
Let x = 9132 - 8840. What is the remainder when x is divided by 15?
7
Let s = 7143 + -6430. Calculate the remainder when s is divided by 175.
13
Suppose -26*g + 243422 = 37*g - 313498. Calculate the remainder when g is divided by 134.
130
Suppose 14342 - 437506 = -254*j. Calculate the remainder when j is divided by 7.
0
Let u = -22811 + 22879. What is the remainder when 1081 is divided by u?
61
Suppose -12*r + 147 - 75 = 0. Suppose r + 10 = -4*p, a + 2*p - 826 = 0. What is the remainder when a is divided by 27?
24
Let o = -11 - -35. Suppose -2*f = -m - 71, 4*f = 6*m - 8*m + 154. Calculate the remainder when f is divided by (-30)/(-8)*128/o.
17
Suppose -44*f + 19412 = -21*f. Let x = f - 791. What is the remainder when x is divided by 22?
9
Calculate the remainder when 13342 is divided by 152 - ((-54)/(-6) + -19)/(-2 - -4).
154
Suppose 2*g + 197 = 4*g + 5*d, -194 = -2*g - 2*d. Let c = g - 68. What is the remainder when 53 is divided by c?
25
Let f = 389 - 398. Let v = -13 - -24. Calculate the remainder when (-2 + 2 - -6) + (-45)/f is divided by v.
0
Suppose 1740 = -148*k + 160*k. What is the remainder when 153 is divided by k?
8
Suppose 0 = -211*n + 519 + 3561 + 140. Calculate the remainder when 1335 is divided by n.
15
Suppose 1935 = 7*b - l, -3*l = 5*b + 251 - 1648. Calculate the remainder when b is divided by 5.
2
Let r(j) = 2*j**3 + 47*j**2 - 39*j - 91. Calculate the remainder when r(-24) is divided by 108.
53
Let j(d) = -d**3 + 12*d**2 - 39*d + 322. Let a = 55 + -31. What is the remainder when a is divided by j(11)?
10
Calculate the remainder when 290 is divided by (-2 + 1)*-12*315/45.
38
Let r be (-2)/2 - -4*(7 + -6). Let z(k) = -k**3 + 7*k**2 - k - 13. Calculate the remainder when z(r) is divided by 14.
6
Suppose 4*j = s + 12, -4 = -2*j - 0*j + s. Suppose 0 = -3*x + 9, 0 = 4*m - 0*x + x - 139. What is the remainder when 1/(-2) - ((-675)/10 + j) is divided by m?
29
Let x(q) = -3*q**2 + 25*q - 4. Let b be -1 + 1 + -1*(7 + -10). What is the remainder when x(b) is divided by 35?
9
Calculate the remainder when 1498/18 - (-8)/(-36) is divided by 317768/18860 + (-2)/41 - (-1)/5.
15
Let b = -20821 + 20936. Calculate the remainder when 503 is divided by b.
43
Let z = -20 + 32. Let p(v) = -v**3 + 13*v**2 - 9*v - 3. Let d = 1330 + -1312. What is the remainder when p(z) is divided by d?
15
Let d = 25306 - 25283. Calculate the remainder when 4430 is divided by d.
14
Let q(r) = -r**3 + 18*r**2 + 25. Let w = 604 + -596. Calculate the remainder when q(18) is divided by w.
1
Suppose 20 = -5*f, 5*d = 2*d + 4*f + 49. Calculate the remainder when 214 is divided by d.
5
Suppose 15 = -y + 11. Let l(q) = -2*q - 5. Calculate the remainder when 74/8*y/(-4 - -3) is divided by l(-9).
11
Let z(u) = -u**3 + 160*u**2 + 177*u - 1788. What is the remainder when z(161) is divided by 151?
33
Let q(o) be the second derivative of -o**4/12 - 13*o**3/3 - 19*o**2/2 + 31*o. What is the remainder when q(-21) is divided by 22?
20
What is the remainder when 28/(-63) + (-186005)/(-45) is divided by 13?
12
Suppose 0 = 5*o + 5*c + 845, 2*c = -5*o - 2*c - 841. Let l = 193 + o. Let y = 4 - -2. Calculate the remainder when l is divided by y.
4
Let w = 99647 + -99646. Calculate the remainder when 3/(0 + (1 - 0)) is divided by w.
0
Suppose 5*z = 5*t - 350, 2*z - 235 = -3*t - 0*z. Calculate the remainder when -882*((-425)/(-51))/(-25) is divided by t.
69
Calculate the remainder when 468 is divided by 1 + 136 + (-27 - -7 - -18).
63
Let v(n) = n**2 - 20*n - 1111. Calculate the remainder when 91 is divided by v(-26).
6
Suppose 4*l + 1395 = i + 11623, -3*l = -5*i - 7654. Calculate the remainder when l is divided by 850.
8
Let a(i) be the first derivative of -2*i**3/3 + 7*i**2 - 26*i - 15. Let x be a(14). Let k = x - -347. Calculate the remainder when k is divided by 33.
26
Let b = -1704 - -1773. What is the remainder when b is divided by 15?
9
Suppose -2834 - 383 = -5*b + 3*r, -2*b + r = -1287. What is the remainder when b is divided by 163?
155
Let b = -385 - -395. Let q(o) = -6*o + 68. What is the remainder when 151 is divided by q(b)?
7
Calculate the remainder when 15*(604/3*20/80 - -5) is divided by 266.
32
Suppose 0 = 5*s - u + 34, 0 = -4*s - u - 0*u - 20. Let y be s/7*(13 + 8). Let d = 25 + y. Calculate the remainder when 25 is divided by d.
4
Suppose 688*c = 693*c - 20. Suppose -j + 62 + c = 0. Calculate the remainder when j is divided by 28.
10
Suppose -96*i + 4806 = -9786. Let l(v) = -79*v**3 - 2*v**2 - v. What is the remainder when i is divided by l(-1)?
74
Suppose 0 = -244*u + 80*u + 1669 + 791. Calculate the remainder when 230 is divided by u.
5
Suppose 106 = 2*t - 5*r - 104, 0 = r. Suppose -120*j + 123*j - t = 0. What is the remainder when 105 is divided by j?
0
Let f(v) = -21*v + 1. Let g(w) = -13*w**2 + w + 868. Calculate the remainder when f(-4) is divided by g(8).
41
Let a = 18282 - 16303. What is the remainder when a is divided by 978?
23
Let g = -27815 + 28193. What is the remainder when g is divided by 7?
0
Suppose n - 8*h + 7*h = 16, -18 = -n + 2*h. Suppose -n*l - 14 = -16*l. Suppose 0 = d - 4 + 1. Calculate the remainder when l is divided by d.
1
Let r(l) = -3*l - 4. Calculate the remainder when (9 - (6 - 2))*8856/540 is divided by r(-7).
14
Suppose 2*z + 442 = 56*z - 206. Calculate the remainder when 315 is divided by z.
3
Let q = 312 + -285. Suppose -25*g + q*g = 20. What is the remainder when 239 is divided by g?
9
Let d(c) = -20*c + 1. Suppose -3*i + 223 = 2*h, 3*h = -69*i + 72*i - 228. Calculate the remainder when i is divided by d(-2).
34
Let r = 68 + -47. Let p be (-1422)/16 + 17/(-136). Let i = 128 + p. What is the remainder when i is divided by r?
18
Let v = -41 - -89. Let z = 7 + v. Let o = 46 + -18. Calculate the remainder when z is divided by o.
27
Calculate the remainder when 454/3 - 28 - 1/3 is divided by 52.
19
Suppose 9*m + 377 = 28*m + 16. Suppose 3*i 